0) to base 2.
0
Convert -10010 (base 2) to base 5.
-33
Convert -211 (base 8) to base 14.
-9b
Convert -3 (base 8) to base 6.
-3
-1000101 (base 2) to base 3
-2120
Convert -1231 (base 5) to base 15.
-cb
66 (base 13) to base 6
220
Convert -2 (base 13) to base 16.
-2
What is 0 (base 10) in base 7?
0
-28 (base 9) to base 14
-1c
Convert -10001000 (base 2) to base 13.
-a6
3a (base 11) to base 7
61
-5 (base 14) to base 12
-5
233 (base 7) to base 9
145
Convert 12 (base 6) to base 10.
8
-11 (base 12) to base 13
-10
What is -10 (base 5) in base 6?
-5
64 (base 14) to base 16
58
What is -1203 (base 5) in base 3?
-20121
What is 202 (base 5) in base 7?
103
Convert 1002 (base 3) to base 12.
25
3 (base 13) to base 9
3
Convert -30 (base 9) to base 5.
-102
What is -41 (base 6) in base 3?
-221
What is -2 (base 3) in base 14?
-2
-42 (base 10) to base 4
-222
42 (base 16) to base 13
51
Convert 43 (base 10) to base 5.
133
What is -ae (base 15) in base 7?
-323
What is 4 (base 9) in base 13?
4
Convert -3113 (base 5) to base 3.
-120010
-112 (base 3) to base 6
-22
Convert 3 (base 9) to base 2.
11
10101111 (base 2) to base 6
451
What is 35 (base 8) in base 15?
1e
Convert 2 (base 15) to base 8.
2
What is 1 (base 5) in base 2?
1
Convert 40 (base 14) to base 15.
3b
1112 (base 3) to base 12
35
Convert 145 (base 9) to base 8.
172
-57 (base 8) to base 15
-32
What is 61 (base 8) in base 9?
54
Convert -12212 (base 3) to base 12.
-112
-2 (base 7) to base 8
-2
24 (base 12) to base 2
11100
What is 10000 (base 3) in base 8?
121
-11 (base 4) to base 11
-5
0 (base 3) to base 13
0
-74 (base 11) to base 7
-144
Convert -2220 (base 4) to base 15.
-b3
What is -2 (base 9) in base 6?
-2
-124 (base 11) to base 10
-147
-d0 (base 15) to base 6
-523
What is 235 (base 11) in base 8?
430
Convert -4 (base 9) to base 5.
-4
Convert -204 (base 5) to base 9.
-60
4b (base 14) to base 4
1003
-7 (base 8) to base 9
-7
0 (base 13) to base 11
0
What is 13 (base 4) in base 8?
7
What is 2 (base 14) in base 12?
2
What is -13 (base 5) in base 11?
-8
What is 4 (base 8) in base 3?
11
2 (base 9) to base 4
2
Convert -92 (base 11) to base 9.
-122
-3 (base 10) to base 13
-3
What is 10 (base 2) in base 9?
2
Convert -220 (base 4) to base 16.
-28
What is 43 (base 14) in base 8?
73
What is -24 (base 12) in base 16?
-1c
141 (base 6) to base 13
49
What is 0 (base 4) in base 7?
0
Convert 110 (base 4) to base 3.
202
-20 (base 4) to base 5
-13
Convert 21 (base 11) to base 3.
212
33 (base 10) to base 13
27
83 (base 14) to base 16
73
-1311 (base 4) to base 15
-7c
What is 0 (base 10) in base 4?
0
Convert -23 (base 9) to base 13.
-18
What is -116 (base 14) in base 9?
-260
What is 16 (base 9) in base 6?
23
Convert -11 (base 4) to base 16.
-5
-1 (base 8) to base 4
-1
Convert -111111 (base 2) to base 10.
-63
-10 (base 4) to base 9
-4
Convert 4 (base 11) to base 7.
4
What is 177 (base 8) in base 5?
1002
What is 2 (base 7) in base 3?
2
Convert 2 (base 10) to base 4.
2
What is 19 (base 16) in base 2?
11001
What is 14 (base 11) in base 3?
120
6 (base 9) to base 14
6
0 (base 9) to base 2
0
Convert 30 (base 12) to base 10.
36
-39 (base 15) to base 16
-36
What is 13 (base 4) in base 14?
7
16 (base 13) to base 12
17
-1 (base 11) to base 2
-1
What is 37 (base 15) in base 6?
124
Convert -6 (base 16) to base 15.
-6
Convert -33 (base 4) to base 9.
-16
What is 7 (base 11) in base 9?
7
-21 (base 5) to base 9
-12
What is -8 (base 13) in base 3?
-22
What is -32 (base 6) in base 4?
-110
What is 110 (base 2) in base 9?
6
What is -5 (base 10) in base 3?
-12
Convert -1101 (base 2) to base 10.
-13
332 (base 4) to base 12
52
-141 (base 12) to base 11
-166
350 (base 9) to base 15
143
What is 0 (base 15) in base 3?
0
-14 (base 6) to base 15
-a
-24 (base 15) to base 10
-34
What is -134 (base 8) in base 13?
-71
7c (base 14) to base 5
420
Convert -35 (base 12) to base 5.
-131
-43 (base 6) to base 3
-1000
187 (base 11) to base 16
d8
What is -95 (base 13) in base 6?
-322
Convert -158 (base 10) to base 4.
-2132
-97 (base 10) to base 7
-166
b (base 13) to base 16
b
Convert -37 (base 8) to base 3.
-1011
7 (base 8) to base 13
7
What is -31 (base 8) in base 3?
-221
Convert 1cd (base 14) to base 9.
458
Convert 6 (base 9) to base 2.
110
What is 0 (base 3) in base 8?
0
What is -1d (base 14) in base 9?
-30
What is -7 (base 10) in base 8?
-7
-100 (base 2) to base 7
-4
Convert -1 (base 4) to base 5.
-1
Convert 345 (base 9) to base 10.
284
-3 (base 6) to base 2
-11
What is 111 (base 2) in base 12?
7
1b (base 14) to base 8
31
Convert -3 (base 16) to base 6.
-3
What is -10101 (base 2) in base 11?
-1a
-24 (base 5) to base 6
-22
What is 2 (base 14) in base 15?
2
Convert 3 (base 14) to base 9.
3
What is -45 (base 7) in base 12?
-29
1 (base 7) to base 11
1
What is 11 (base 3) in base 12?
4
Convert 6 (base 16) to base 7.
6
What is 2 (base 14) in base 11?
2
Convert -1 (base 7) to base 9.
-1
1003 (base 4) to base 16
43
What is 54 (base 13) in base 16?
45
11 (base 2) to base 5
3
Convert -24 (base 5) to base 8.
-16
What is a (base 16) in base 8?
12
What is -10010 (base 2) in base 8?
-22
What is -11002 (base 3) in base 12?
-92
-247 (base 12) to base 13
-205
What is 26 (base 13) in base 15?
22
What is -100201 (base 3) in base 6?
-1114
-10 (base 2) to base 12
-2
What is -1 (base 8) in base 12?
-1
Convert 2a (base 13) to base 11.
33
Convert 4 (base 6) to base 14.
4
-11 (base 2) to base 13
-3
Convert 27 (base 9) to base 8.
31
What is 144 (base 8) in base 12?
84
0 (base 5) to base 11
0
-3 (base 13) to base 7
-3
-23 (base 15) to base 11
-30
What is -10 (base 2) in base 16?
-2
-32 (base 14) to base 11
-40
What is -2210 (base 4) in base 9?
-202
Convert -3 (base 6) to base 14.
-3
Convert 1 (base 10) to base 13.
1
12112 (base 3) to base 16
95
18 (base 16) to base 12
20
What is 20011 (base 3) in base 6?
434
75 (base 15) to base 7
215
What is -12 (base 6) in base 14?
-8
82 (base 9) to base 8
112
-26 (base 9) to base 7
-33
-1b (base 16) to base 12
-23
-2 (base 14) to base 10
-2
What is -11 (base 3) in base 6?
-4
What is 8 (base 15) in base 10?
8
Convert 123 (base 4) to base 2.
11011
What is 55 (base 6) in base 5?
120
2 (base 7) to base 2
10
Convert -2 (base 3) to base 12.
-2
-15 (base 7) to base 8
-14
Convert 300 (base 4) to base 8.
60
What is -8 (base 13) in base 3?
-22
Convert -2 (base 4) to base 11.
-2
Convert -23 (base 5) to base 14.
-d
Convert -18 (base 11) to base 8.
-23
Convert 12 (base 4) to base 11.
6
-213 (base 6) to base 7
-144
-101 (base 2) to base 4
-11
Convert 20 (base 8) to base 6.
24
Convert 16 (base 12) to base 15.
13
-3 (base 10) to base 5
-3
14 (base 15) to base 12
17
Convert -26 (base 9) to base 8.
-30
What is 2 (base 13) in base 9?
2
Convert 17 (base 9) to base 13.
13
What is 211 (base 4) in base 11?
34
What is 50 (base 11) in base 7?
106
Convert 3 (base 8) to base 2.
11
Convert 325 (base 6) to base 15.
85
Convert -11 (base 2) to base 4.
-3
-105 (base 7) to base 4
-312
-1001 (base 3) to base 12
-24
What is -2 (base 16) in base 5?
-2
-61 (base 8) to base 16
-31
-4 (base 10) to base 12
-4
What is 150 (base 7) in base 3?
10010
What is -31 (base 9) in base 6?
-44
What is -10 (base 14) in base 9?
-15
-c (base 14) to base 13
-c
What is -36 (base 16) in base 5?
-204
What is 0 (base 2) in base 14?
0
What is -33 (base 10) in base 5?
-113
Convert 6 (base 16) to base 7.
6
What is -286 (base 13) in base 12?
-314
Convert -d (base 14) to base 9.
-14
Convert 4 (base 9) to base 8.
4
Convert -312 (base 4) to base 6.
-130
82 (base 9) to base 15
4e
23 (base 6) to base 7
21
Convert e (base 16) to base 4.
32
What is -100111 (base 2) in base 16?
-27
What is 5 (base 15) in base 11?
5
What is -40 (base 8) in base 4?
-200
Convert 11 (base 3) to base 11.
4
Convert 4 (base 8) to base 2.
100
2 (base 10) to base 4
2
What is 12 (base 11) in base 8?
15
3 (base 13) to base 14
3
What is -5 (base 6) in base 11?
-5
Convert 1100 (base 3) to base 9.
40
Convert -12 (base 15) to base 6.
-25
Convert 1 (base 11) to base 7.
1
What is 7 (base 15) in base 11?
7
-11 (base 2) to base 3
-10
Convert -428 (base 9) to base 7.
-1010
What is 2 (base 8) in base 13?
2
What is -107 (base 11) in base 9?
-152
100 (base 4) to base 15
11
What is dd (base 16) in base 6?
1005
Convert -5 (base 10) to base 7.
-5
Convert -1303 (base 5) t